{"id":2,"date":"2020-05-22T13:12:25","date_gmt":"2020-05-22T11:12:25","guid":{"rendered":"https:\/\/semir.eu\/portfolio\/?page_id=2"},"modified":"2023-12-20T17:55:22","modified_gmt":"2023-12-20T16:55:22","slug":"primjer-stranice","status":"publish","type":"page","link":"https:\/\/semir.eu\/portfolio","title":{"rendered":"DTP \/ WEB \/ 3D"},"content":{"rendered":"\n<p>Pozdrav, ovo je stranica na kojoj se \u017eelim predstaviti kroz moje radove. Ve\u0107i dio moga znanja stekao sam samostalno istra\u017euju\u0107i, \u010ditaju\u0107i i isprobavanjem novih tehnologija.<\/p>\n\n\n\n<h2 class=\"wp-block-heading\">DTP<\/h2>\n\n\n\n<p>Kao grafi\u010dki urednik sam radio na mnogim izdanjima enciklopedija. Glavni alati su mi bili Adobeov programski paket (InDesign, Photoshop i Ilustrator), Affinitijev paket (Photo, Designer, Publisher), Corelov CorelDraw!. Za obradbu teksta Microsoftov Office (Word, Excel). Obradba teksta ponekad zahtjeva kompleksnije zahvate koje se mogu ubrzati s makronaredbama koje sam po potrebi pisao u VB scriptu. <\/p>\n\n\n\n<p>Ovdje bih izdvojio neka izdanja koja su zna\u010dajnija i zahtjevnija.<\/p>\n\n\n\n<section class=\"wp-block-uagb-columns uagb-columns__wrap uagb-columns__background-none uagb-columns__stack-mobile uagb-columns__valign- uagb-columns__gap-10 align uagb-block-0828bada uagb-columns__columns-4 uagb-columns__max_width-theme\"><div class=\"uagb-columns__overlay\"><\/div><div class=\"uagb-columns__inner-wrap uagb-columns__columns-4\">\n<div class=\"wp-block-uagb-column uagb-column__wrap uagb-column__background-undefined uagb-block-da726e9d\"><div class=\"uagb-column__overlay\"><\/div><div class=\"wp-block-image\">\n<figure class=\"aligncenter size-large\"><a href=\"https:\/\/semir.eu\/portfolio\/dtp-hol\/\"><img loading=\"lazy\" decoding=\"async\" width=\"125\" height=\"170\" src=\"https:\/\/i0.wp.com\/semir.eu\/portfolio\/wp-content\/uploads\/2021\/03\/hrvatski-opci-leksikon-mala.jpg?resize=125%2C170&#038;ssl=1\" alt=\"\" class=\"wp-image-366\" data-recalc-dims=\"1\"\/><\/a><figcaption class=\"wp-element-caption\">Hrvatski op\u0107i leksikon<\/figcaption><\/figure><\/div><\/div>\n\n\n\n<div class=\"wp-block-uagb-column uagb-column__wrap uagb-column__background-undefined uagb-block-11cae39c\"><div class=\"uagb-column__overlay\"><\/div><div class=\"wp-block-image\">\n<figure class=\"aligncenter size-large\"><a href=\"https:\/\/semir.eu\/portfolio\/likovni-leksikon\/\"><img loading=\"lazy\" decoding=\"async\" width=\"125\" height=\"170\" src=\"https:\/\/i0.wp.com\/semir.eu\/portfolio\/wp-content\/uploads\/2021\/03\/ll_korice.jpg?resize=125%2C170&#038;ssl=1\" alt=\"\" class=\"wp-image-363\" data-recalc-dims=\"1\"\/><\/a><figcaption class=\"wp-element-caption\">Likovni leksikon<\/figcaption><\/figure><\/div><\/div>\n\n\n\n<div class=\"wp-block-uagb-column uagb-column__wrap uagb-column__background-undefined uagb-block-a735930d\"><div class=\"uagb-column__overlay\"><\/div><div class=\"wp-block-image\">\n<figure class=\"aligncenter size-large\"><a href=\"https:\/\/semir.eu\/portfolio\/hrvatska-zemlja-i-ljudi\/\"><img loading=\"lazy\" decoding=\"async\" width=\"125\" height=\"170\" src=\"https:\/\/i0.wp.com\/semir.eu\/portfolio\/wp-content\/uploads\/2021\/03\/Hrvatska_zemlja_i_ljudi.jpg?resize=125%2C170&#038;ssl=1\" alt=\"\" class=\"wp-image-365\" data-recalc-dims=\"1\"\/><\/a><figcaption class=\"wp-element-caption\">Hrvatska zemlja i ljudi<\/figcaption><\/figure><\/div><\/div>\n\n\n\n<div class=\"wp-block-uagb-column uagb-column__wrap uagb-column__background-undefined uagb-block-5790f052\"><div class=\"uagb-column__overlay\"><\/div><div class=\"wp-block-image\">\n<figure class=\"aligncenter size-large\"><a href=\"https:\/\/semir.eu\/portfolio\/islamski-enciklopedijski-almanah\/\"><img loading=\"lazy\" decoding=\"async\" width=\"125\" height=\"170\" src=\"https:\/\/i0.wp.com\/semir.eu\/portfolio\/wp-content\/uploads\/2021\/03\/enciklopedijski_Almanah_1.jpg?resize=125%2C170&#038;ssl=1\" alt=\"\" class=\"wp-image-364\" data-recalc-dims=\"1\"\/><\/a><figcaption class=\"wp-element-caption\">Islamski enciklopedijski almanah<\/figcaption><\/figure><\/div><\/div>\n<\/div><\/section>\n\n\n\n<h3 class=\"wp-block-heading\">Tipografija<\/h3>\n\n\n\n<p>Posao grafi\u010dkog urednika podrazumjeva poznavanje tipografije. Prou\u010davao sam ra\u010dunalne fontove, kako funkcioniraju i koje su im mogu\u0107nosti. Izradio sam vi\u0161e fontova za potrebe DTP-a od standardnih i rukopisnih fontova do simbol fontova. Istaknuo bih posebno dva fonta: piktogrami edicija Leksikografskog zavoda Miroslav Krle\u017ea i moj rukopisni font kojega mo\u017eete preuzeti <a href=\"https:\/\/www.fontspace.com\/semir-resimovic-rukopisni-font-f22225\">ovdje<\/a>.<\/p>\n\n\n\n<div class=\"wp-block-columns is-layout-flex wp-container-core-columns-layout-1 wp-block-columns-is-layout-flex\">\n<div class=\"wp-block-column is-layout-flow wp-block-column-is-layout-flow\"><div class=\"wp-block-image\">\n<figure class=\"aligncenter size-full\"><img loading=\"lazy\" decoding=\"async\" width=\"170\" height=\"169\" src=\"https:\/\/i0.wp.com\/semir.eu\/portfolio\/wp-content\/uploads\/2021\/04\/piktogram.jpg?resize=170%2C169&#038;ssl=1\" alt=\"\" class=\"wp-image-668\" srcset=\"https:\/\/i0.wp.com\/semir.eu\/portfolio\/wp-content\/uploads\/2021\/04\/piktogram.jpg?w=170&amp;ssl=1 170w, https:\/\/i0.wp.com\/semir.eu\/portfolio\/wp-content\/uploads\/2021\/04\/piktogram.jpg?resize=150%2C150&amp;ssl=1 150w\" sizes=\"(max-width: 170px) 100vw, 170px\" data-recalc-dims=\"1\" \/><figcaption class=\"wp-element-caption\">Piktogram<\/figcaption><\/figure><\/div><\/div>\n\n\n\n<div class=\"wp-block-column is-layout-flow wp-block-column-is-layout-flow\"><div class=\"wp-block-image\">\n<figure class=\"aligncenter size-large\"><a href=\"https:\/\/semir.eu\/portfolio\/rukopisni-font\/\"><img loading=\"lazy\" decoding=\"async\" width=\"170\" height=\"170\" src=\"https:\/\/i0.wp.com\/semir.eu\/portfolio\/wp-content\/uploads\/2021\/04\/Semir_Font_naslovna.jpg?resize=170%2C170&#038;ssl=1\" alt=\"\" class=\"wp-image-677\" srcset=\"https:\/\/i0.wp.com\/semir.eu\/portfolio\/wp-content\/uploads\/2021\/04\/Semir_Font_naslovna.jpg?w=170&amp;ssl=1 170w, https:\/\/i0.wp.com\/semir.eu\/portfolio\/wp-content\/uploads\/2021\/04\/Semir_Font_naslovna.jpg?resize=150%2C150&amp;ssl=1 150w\" sizes=\"(max-width: 170px) 100vw, 170px\" data-recalc-dims=\"1\" \/><\/a><figcaption class=\"wp-element-caption\">Rukopisni font<\/figcaption><\/figure><\/div><\/div>\n<\/div>\n\n\n\n<h2 class=\"wp-block-heading\">WEB<\/h2>\n\n\n\n<p>WEB dizajnom i razvojem se intenzivnije bavim zadnjih sedam godina. Za neke projekte sam razvijao teme za WordPress platformu a za neke i dodatke (pluginove). Pod razvojem teme su uklju\u010deni dizajn korisni\u010dkog su\u010delja (UI i UX Dizajn), front end developement (HTML, CSS, JQuery, PHP) i dijelom backend (SQL, PHP).<\/p>\n\n\n\n<div class=\"wp-block-columns is-layout-flex wp-container-core-columns-layout-2 wp-block-columns-is-layout-flex\">\n<div class=\"wp-block-column is-layout-flow wp-block-column-is-layout-flow\"><div class=\"wp-block-image\">\n<figure class=\"aligncenter size-full is-resized\"><img loading=\"lazy\" decoding=\"async\" width=\"640\" height=\"1297\" src=\"https:\/\/i0.wp.com\/semir.eu\/portfolio\/wp-content\/uploads\/2021\/03\/TE_4.png?resize=640%2C1297&#038;ssl=1\" alt=\"\" class=\"wp-image-384\" style=\"width:182px;height:369px\" srcset=\"https:\/\/i0.wp.com\/semir.eu\/portfolio\/wp-content\/uploads\/2021\/03\/TE_4.png?w=870&amp;ssl=1 870w, https:\/\/i0.wp.com\/semir.eu\/portfolio\/wp-content\/uploads\/2021\/03\/TE_4.png?resize=148%2C300&amp;ssl=1 148w, https:\/\/i0.wp.com\/semir.eu\/portfolio\/wp-content\/uploads\/2021\/03\/TE_4.png?resize=505%2C1024&amp;ssl=1 505w, https:\/\/i0.wp.com\/semir.eu\/portfolio\/wp-content\/uploads\/2021\/03\/TE_4.png?resize=768%2C1556&amp;ssl=1 768w, https:\/\/i0.wp.com\/semir.eu\/portfolio\/wp-content\/uploads\/2021\/03\/TE_4.png?resize=758%2C1536&amp;ssl=1 758w\" sizes=\"(max-width: 640px) 100vw, 640px\" data-recalc-dims=\"1\" \/><figcaption class=\"wp-element-caption\">Tehni\u010dka enciklopedija Hi-Fi<\/figcaption><\/figure><\/div><\/div>\n\n\n\n<div class=\"wp-block-column is-layout-flow wp-block-column-is-layout-flow\"><div class=\"wp-block-image\">\n<figure class=\"aligncenter size-large is-resized\"><a href=\"https:\/\/semir.eu\/portfolio\/projekt-mobilna-aplikacija\/\"><img loading=\"lazy\" decoding=\"async\" width=\"287\" height=\"587\" src=\"https:\/\/i0.wp.com\/semir.eu\/portfolio\/wp-content\/uploads\/2021\/04\/TT_0.png?resize=287%2C587&#038;ssl=1\" alt=\"\" class=\"wp-image-475\" style=\"width:179px;height:369px\" srcset=\"https:\/\/i0.wp.com\/semir.eu\/portfolio\/wp-content\/uploads\/2021\/04\/TT_0.png?w=287&amp;ssl=1 287w, https:\/\/i0.wp.com\/semir.eu\/portfolio\/wp-content\/uploads\/2021\/04\/TT_0.png?resize=147%2C300&amp;ssl=1 147w\" sizes=\"(max-width: 287px) 100vw, 287px\" data-recalc-dims=\"1\" \/><\/a><figcaption class=\"wp-element-caption\">Dizajn za mobilnu aplikaciju<\/figcaption><\/figure><\/div><\/div>\n<\/div>\n\n\n\n<h2 class=\"wp-block-heading\">3D<\/h2>\n\n\n\n<p>3D Modeliranje i animacija su jedan od mojih hobija. Koristim se raznim aplikacijama ali najvi\u0161e Autodeskovom aplikacijom 3D Studio MAX.<\/p>\n\n\n\n<div class=\"wp-block-columns is-layout-flex wp-container-core-columns-layout-3 wp-block-columns-is-layout-flex\">\n<div class=\"wp-block-column is-layout-flow wp-block-column-is-layout-flow\"><div class=\"wp-block-image is-style-default\">\n<figure class=\"aligncenter size-full is-resized\"><a href=\"https:\/\/semir.eu\/portfolio\/leksikon-rudera-boskovica\/\"><img loading=\"lazy\" decoding=\"async\" width=\"170\" height=\"170\" src=\"https:\/\/i0.wp.com\/semir.eu\/portfolio\/wp-content\/uploads\/2021\/04\/LRB.jpg?resize=170%2C170&#038;ssl=1\" alt=\"\" class=\"wp-image-600\" style=\"width:170px;height:170px\" srcset=\"https:\/\/i0.wp.com\/semir.eu\/portfolio\/wp-content\/uploads\/2021\/04\/LRB.jpg?w=170&amp;ssl=1 170w, https:\/\/i0.wp.com\/semir.eu\/portfolio\/wp-content\/uploads\/2021\/04\/LRB.jpg?resize=150%2C150&amp;ssl=1 150w\" sizes=\"(max-width: 170px) 100vw, 170px\" data-recalc-dims=\"1\" \/><\/a><figcaption class=\"wp-element-caption\">Leksikon Ru\u0111era Bo\u0161kovi\u0107a<\/figcaption><\/figure><\/div><\/div>\n\n\n\n<div class=\"wp-block-column is-layout-flow wp-block-column-is-layout-flow\"><div class=\"wp-block-image\">\n<figure class=\"aligncenter size-full is-resized\"><a href=\"https:\/\/semir.eu\/portfolio\/logotipi-izdanja-lzmk\/\"><img loading=\"lazy\" decoding=\"async\" width=\"170\" height=\"170\" src=\"https:\/\/i0.wp.com\/semir.eu\/portfolio\/wp-content\/uploads\/2021\/04\/ZNAKOVI.jpg?resize=170%2C170&#038;ssl=1\" alt=\"\" class=\"wp-image-602\" style=\"width:170px;height:170px\" srcset=\"https:\/\/i0.wp.com\/semir.eu\/portfolio\/wp-content\/uploads\/2021\/04\/ZNAKOVI.jpg?w=170&amp;ssl=1 170w, https:\/\/i0.wp.com\/semir.eu\/portfolio\/wp-content\/uploads\/2021\/04\/ZNAKOVI.jpg?resize=150%2C150&amp;ssl=1 150w\" sizes=\"(max-width: 170px) 100vw, 170px\" data-recalc-dims=\"1\" \/><\/a><figcaption class=\"wp-element-caption\">Logotipi izdanja<\/figcaption><\/figure><\/div><\/div>\n\n\n\n<div class=\"wp-block-column is-layout-flow wp-block-column-is-layout-flow\"><div class=\"wp-block-image\">\n<figure class=\"aligncenter size-full is-resized\"><a href=\"https:\/\/semir.eu\/portfolio\/ostali-radovi\/\"><img loading=\"lazy\" decoding=\"async\" width=\"170\" height=\"170\" src=\"https:\/\/i0.wp.com\/semir.eu\/portfolio\/wp-content\/uploads\/2021\/04\/radioactivity.jpg?resize=170%2C170&#038;ssl=1\" alt=\"\" class=\"wp-image-601\" style=\"width:170px;height:170px\" srcset=\"https:\/\/i0.wp.com\/semir.eu\/portfolio\/wp-content\/uploads\/2021\/04\/radioactivity.jpg?w=170&amp;ssl=1 170w, https:\/\/i0.wp.com\/semir.eu\/portfolio\/wp-content\/uploads\/2021\/04\/radioactivity.jpg?resize=150%2C150&amp;ssl=1 150w\" sizes=\"(max-width: 170px) 100vw, 170px\" data-recalc-dims=\"1\" \/><\/a><figcaption class=\"wp-element-caption\">Ostali radovi<\/figcaption><\/figure><\/div><\/div>\n<\/div>\n\n\n\n<p><\/p>\n","protected":false},"excerpt":{"rendered":"<p>Pozdrav, ovo je stranica na kojoj se \u017eelim predstaviti kroz moje radove. Ve\u0107i dio moga znanja stekao sam samostalno istra\u017euju\u0107i, \u010ditaju\u0107i i isprobavanjem novih tehnologija. DTP Kao grafi\u010dki urednik sam radio na mnogim izdanjima enciklopedija. Glavni alati su mi bili Adobeov programski paket (InDesign, Photoshop i Ilustrator), Affinitijev paket (Photo, Designer, Publisher), Corelov CorelDraw!. Za [&hellip;]<\/p>\n","protected":false},"author":2,"featured_media":0,"parent":0,"menu_order":0,"comment_status":"closed","ping_status":"open","template":"","meta":{"_uag_custom_page_level_css":"","footnotes":""},"jetpack_sharing_enabled":true,"uagb_featured_image_src":{"full":false,"thumbnail":false,"medium":false,"medium_large":false,"large":false,"ctl_avatar":false,"1536x1536":false,"2048x2048":false},"uagb_author_info":{"display_name":"Semir Resimovi\u0107","author_link":"https:\/\/semir.eu\/portfolio\/author\/semnes\/"},"uagb_comment_info":0,"uagb_excerpt":"Pozdrav, ovo je stranica na kojoj se \u017eelim predstaviti kroz moje radove. Ve\u0107i dio moga znanja stekao sam samostalno istra\u017euju\u0107i, \u010ditaju\u0107i i isprobavanjem novih tehnologija. DTP Kao grafi\u010dki urednik sam radio na mnogim izdanjima enciklopedija. Glavni alati su mi bili Adobeov programski paket (InDesign, Photoshop i Ilustrator), Affinitijev paket (Photo, Designer, Publisher), Corelov CorelDraw!. Za&hellip;","_links":{"self":[{"href":"https:\/\/semir.eu\/portfolio\/wp-json\/wp\/v2\/pages\/2"}],"collection":[{"href":"https:\/\/semir.eu\/portfolio\/wp-json\/wp\/v2\/pages"}],"about":[{"href":"https:\/\/semir.eu\/portfolio\/wp-json\/wp\/v2\/types\/page"}],"author":[{"embeddable":true,"href":"https:\/\/semir.eu\/portfolio\/wp-json\/wp\/v2\/users\/2"}],"replies":[{"embeddable":true,"href":"https:\/\/semir.eu\/portfolio\/wp-json\/wp\/v2\/comments?post=2"}],"version-history":[{"count":115,"href":"https:\/\/semir.eu\/portfolio\/wp-json\/wp\/v2\/pages\/2\/revisions"}],"predecessor-version":[{"id":735,"href":"https:\/\/semir.eu\/portfolio\/wp-json\/wp\/v2\/pages\/2\/revisions\/735"}],"wp:attachment":[{"href":"https:\/\/semir.eu\/portfolio\/wp-json\/wp\/v2\/media?parent=2"}],"curies":[{"name":"wp","href":"https:\/\/api.w.org\/{rel}","templated":true}]}}